{"id":278,"date":"2025-01-31T07:32:29","date_gmt":"2025-01-31T06:32:29","guid":{"rendered":"https:\/\/www.biogas-l12n.de\/wordpress\/?page_id=278"},"modified":"2025-02-04T21:44:48","modified_gmt":"2025-02-04T20:44:48","slug":"kontakt","status":"publish","type":"page","link":"https:\/\/www.biogas-l12n.de\/wordpress\/kontakt\/","title":{"rendered":"Kontakt"},"content":{"rendered":"\n<p>Wir versenden in unregelm\u00e4\u00dfigen Abst\u00e4nden Informationen zum Sachstand des Projektes per E-Mail. Wenn Sie in unseren E-Mail-Verteiler aufgenommen werden m\u00f6chten, lassen Sie uns Ihre Kontaktdaten zukommen.<\/p>\n\n\n\n<p>Ihr Name und Ihre E-Mail-Adresse sind Pflichtangaben, der Ortsteil der Gemeinde und die zus\u00e4tzlichen Informationen sind keine Pflichtangaben.<\/p>\n\n\n<div class=\"wpforms-container wpforms-container-full wpforms-block wpforms-block-cd8be024-9184-47af-a7b0-c85222d6cc3f wpforms-render-modern\" id=\"wpforms-274\"><form id=\"wpforms-form-274\" class=\"wpforms-validate wpforms-form wpforms-ajax-form\" data-formid=\"274\" method=\"post\" enctype=\"multipart\/form-data\" action=\"\/wordpress\/wp-json\/wp\/v2\/pages\/278\" data-token=\"8bded664925defac760bca75ab1ecc30\" data-token-time=\"1778505524\"><noscript class=\"wpforms-error-noscript\">Bitte aktiviere JavaScript in deinem Browser, um dieses Formular fertigzustellen.<\/noscript><div id=\"wpforms-error-noscript\" style=\"display: none;\">Bitte aktiviere JavaScript in deinem Browser, um dieses Formular fertigzustellen.<\/div><div class=\"wpforms-field-container\">\t\t<div id=\"wpforms-274-field_5-container\"\n\t\t\tclass=\"wpforms-field wpforms-field-text\"\n\t\t\tdata-field-type=\"text\"\n\t\t\tdata-field-id=\"5\"\n\t\t\t>\n\t\t\t<label class=\"wpforms-field-label\" for=\"wpforms-274-field_5\" >Informationen E-Mail-Adresse zus\u00e4tzliche<\/label>\n\t\t\t<input type=\"text\" id=\"wpforms-274-field_5\" class=\"wpforms-field-medium\" name=\"wpforms[fields][5]\" >\n\t\t<\/div>\n\t\t<div id=\"wpforms-274-field_1-container\" class=\"wpforms-field wpforms-field-name\" data-field-id=\"1\"><fieldset><legend class=\"wpforms-field-label\">Name <span class=\"wpforms-required-label\" aria-hidden=\"true\">*<\/span><\/legend><div class=\"wpforms-field-row wpforms-field-medium\"><div class=\"wpforms-field-row-block wpforms-first wpforms-one-half\"><input type=\"text\" id=\"wpforms-274-field_1\" class=\"wpforms-field-name-first wpforms-field-required\" name=\"wpforms[fields][1][first]\" aria-errormessage=\"wpforms-274-field_1-error\" required><label for=\"wpforms-274-field_1\" class=\"wpforms-field-sublabel after\">Vorname<\/label><\/div><div class=\"wpforms-field-row-block wpforms-one-half\"><input type=\"text\" id=\"wpforms-274-field_1-last\" class=\"wpforms-field-name-last wpforms-field-required\" name=\"wpforms[fields][1][last]\" aria-errormessage=\"wpforms-274-field_1-last-error\" required><label for=\"wpforms-274-field_1-last\" class=\"wpforms-field-sublabel after\">Nachname<\/label><\/div><\/div><\/fieldset><\/div><div id=\"wpforms-274-field_2-container\" class=\"wpforms-field wpforms-field-email\" data-field-id=\"2\"><label class=\"wpforms-field-label\" for=\"wpforms-274-field_2\">E-Mail-Adresse <span class=\"wpforms-required-label\" aria-hidden=\"true\">*<\/span><\/label><input type=\"email\" id=\"wpforms-274-field_2\" class=\"wpforms-field-medium wpforms-field-required\" name=\"wpforms[fields][2]\" spellcheck=\"false\" aria-errormessage=\"wpforms-274-field_2-error\" required><\/div><div id=\"wpforms-274-field_3-container\" class=\"wpforms-field wpforms-field-select wpforms-field-select-style-classic\" data-field-id=\"3\"><label class=\"wpforms-field-label\" for=\"wpforms-274-field_3\">Ortsteil<\/label><select id=\"wpforms-274-field_3\" class=\"wpforms-field-medium\" name=\"wpforms[fields][3]\"><option value=\"- ohne Angabe -\"  class=\"choice-1 depth-1\"  >&#8211; ohne Angabe &#8211;<\/option><option value=\"D&#039;horn\"  class=\"choice-4 depth-1\"  >D&#8217;horn<\/option><option value=\"Hamich\"  class=\"choice-14 depth-1\"  >Hamich<\/option><option value=\"Heistern\"  class=\"choice-13 depth-1\"  >Heistern<\/option><option value=\"J\u00fcngersdorf\"  class=\"choice-9 depth-1\"  >J\u00fcngersdorf<\/option><option value=\"Langerwehe\"  class=\"choice-2 depth-1\"  >Langerwehe<\/option><option value=\"Luchem\"  class=\"choice-10 depth-1\"  >Luchem<\/option><option value=\"Merode\"  class=\"choice-7 depth-1\"  >Merode<\/option><option value=\"Obergeich\"  class=\"choice-3 depth-1\"  >Obergeich<\/option><option value=\"Geich\"  class=\"choice-5 depth-1\"  >Geich<\/option><option value=\"Pier\"  class=\"choice-8 depth-1\"  >Pier<\/option><option value=\"Schlich\"  class=\"choice-6 depth-1\"  >Schlich<\/option><option value=\"Sch\u00f6nthal\"  class=\"choice-15 depth-1\"  >Sch\u00f6nthal<\/option><option value=\"St\u00fctgerloch\"  class=\"choice-12 depth-1\"  >St\u00fctgerloch<\/option><option value=\"Wenau\"  class=\"choice-11 depth-1\"  >Wenau<\/option><option value=\"au\u00dferhalb der Gemeinde\"  class=\"choice-16 depth-1\"  >au\u00dferhalb der Gemeinde<\/option><\/select><div id=\"wpforms-274-field_3-description\" class=\"wpforms-field-description\">Teilen Sie bitte mit, in welchem Ortsteil der Gemeinde Sie wohnen.<\/div><\/div><div id=\"wpforms-274-field_4-container\" class=\"wpforms-field wpforms-field-textarea\" data-field-id=\"4\"><label class=\"wpforms-field-label\" for=\"wpforms-274-field_4\">zus\u00e4tzliche Informationen<\/label><textarea id=\"wpforms-274-field_4\" class=\"wpforms-field-medium\" name=\"wpforms[fields][4]\" aria-errormessage=\"wpforms-274-field_4-error\" aria-describedby=\"wpforms-274-field_4-description\" ><\/textarea><div id=\"wpforms-274-field_4-description\" class=\"wpforms-field-description\">Hier k\u00f6nnen Sie uns noch zus\u00e4tzliche Informationen zukommen lassen.<\/div><\/div><script>\n\t\t\t\t( function() {\n\t\t\t\t\tconst style = document.createElement( 'style' );\n\t\t\t\t\tstyle.appendChild( document.createTextNode( '#wpforms-274-field_5-container { position: absolute !important; overflow: hidden !important; display: inline !important; height: 1px !important; width: 1px !important; z-index: -1000 !important; padding: 0 !important; } #wpforms-274-field_5-container input { visibility: hidden; } #wpforms-conversational-form-page #wpforms-274-field_5-container label { counter-increment: none; }' ) );\n\t\t\t\t\tdocument.head.appendChild( style );\n\t\t\t\t\tdocument.currentScript?.remove();\n\t\t\t\t} )();\n\t\t\t<\/script><\/div><!-- .wpforms-field-container --><div class=\"wpforms-recaptcha-container wpforms-is-hcaptcha\" ><div class=\"h-captcha\" data-sitekey=\"dc7c03ce-877a-43f8-9d16-3ed0b36c72f0\"><\/div><input type=\"text\" name=\"g-recaptcha-hidden\" class=\"wpforms-recaptcha-hidden\" style=\"position:absolute!important;clip:rect(0,0,0,0)!important;height:1px!important;width:1px!important;border:0!important;overflow:hidden!important;padding:0!important;margin:0!important;\" data-rule-hcaptcha=\"1\"><\/div><div class=\"wpforms-submit-container\" ><input type=\"hidden\" name=\"wpforms[id]\" value=\"274\"><input type=\"hidden\" name=\"page_title\" value=\"\"><input type=\"hidden\" name=\"page_url\" value=\"https:\/\/www.biogas-l12n.de\/wordpress\/wp-json\/wp\/v2\/pages\/278\"><input type=\"hidden\" name=\"url_referer\" value=\"\"><button type=\"submit\" name=\"wpforms[submit]\" id=\"wpforms-submit-274\" class=\"wpforms-submit\" data-alt-text=\"Wird gesendet\u00a0\u2026\" data-submit-text=\"Absenden\" aria-live=\"assertive\" value=\"wpforms-submit\">Absenden<\/button><img loading=\"lazy\" decoding=\"async\" src=\"https:\/\/www.biogas-l12n.de\/wordpress\/wp-content\/plugins\/wpforms-lite\/assets\/images\/submit-spin.svg\" class=\"wpforms-submit-spinner\" style=\"display: none;\" width=\"26\" height=\"26\" alt=\"Wird geladen\"><\/div><\/form><\/div>  <!-- .wpforms-container -->","protected":false},"excerpt":{"rendered":"<p>Wir versenden in unregelm\u00e4\u00dfigen Abst\u00e4nden Informationen zum Sachstand des Projektes per E-Mail. Wenn Sie in unseren E-Mail-Verteiler aufgenommen werden m\u00f6chten, lassen Sie uns Ihre Kontaktdaten zukommen. Ihr Name und Ihre E-Mail-Adresse sind Pflichtangaben, der Ortsteil der Gemeinde und die zus\u00e4tzlichen Informationen sind keine Pflichtangaben.<\/p>\n","protected":false},"author":1,"featured_media":0,"parent":0,"menu_order":0,"comment_status":"closed","ping_status":"closed","template":"","meta":{"footnotes":""},"class_list":["post-278","page","type-page","status-publish","hentry"],"yoast_head":"<!-- This site is optimized with the Yoast SEO plugin v25.2 - https:\/\/yoast.com\/wordpress\/plugins\/seo\/ -->\n<title>Kontakt - Biogas L12n<\/title>\n<meta name=\"description\" content=\"Melden Sie sich bei uns an und erhalten Sie in unregelm\u00e4\u00dfigen Abst\u00e4nden Informationen zum aktellen Sachstand zur geplanten Biomethananlage.\" \/>\n<meta name=\"robots\" content=\"index, follow, max-snippet:-1, max-image-preview:large, max-video-preview:-1\" \/>\n<link rel=\"canonical\" href=\"https:\/\/www.biogas-l12n.de\/wordpress\/kontakt\/\" \/>\n<meta property=\"og:locale\" content=\"de_DE\" \/>\n<meta property=\"og:type\" content=\"article\" \/>\n<meta property=\"og:title\" content=\"Kontakt - Biogas L12n\" \/>\n<meta property=\"og:description\" content=\"Melden Sie sich bei uns an und erhalten Sie in unregelm\u00e4\u00dfigen Abst\u00e4nden Informationen zum aktellen Sachstand zur geplanten Biomethananlage.\" \/>\n<meta property=\"og:url\" content=\"https:\/\/www.biogas-l12n.de\/wordpress\/kontakt\/\" \/>\n<meta property=\"og:site_name\" content=\"Biogas L12n\" \/>\n<meta property=\"article:modified_time\" content=\"2025-02-04T20:44:48+00:00\" \/>\n<meta name=\"twitter:card\" content=\"summary_large_image\" \/>\n<meta name=\"twitter:label1\" content=\"Gesch\u00e4tzte Lesezeit\" \/>\n\t<meta name=\"twitter:data1\" content=\"1\u00a0Minute\" \/>\n<script type=\"application\/ld+json\" class=\"yoast-schema-graph\">{\"@context\":\"https:\/\/schema.org\",\"@graph\":[{\"@type\":\"WebPage\",\"@id\":\"https:\/\/www.biogas-l12n.de\/wordpress\/kontakt\/\",\"url\":\"https:\/\/www.biogas-l12n.de\/wordpress\/kontakt\/\",\"name\":\"Kontakt - Biogas L12n\",\"isPartOf\":{\"@id\":\"https:\/\/www.biogas-l12n.de\/wordpress\/#website\"},\"datePublished\":\"2025-01-31T06:32:29+00:00\",\"dateModified\":\"2025-02-04T20:44:48+00:00\",\"description\":\"Melden Sie sich bei uns an und erhalten Sie in unregelm\u00e4\u00dfigen Abst\u00e4nden Informationen zum aktellen Sachstand zur geplanten Biomethananlage.\",\"breadcrumb\":{\"@id\":\"https:\/\/www.biogas-l12n.de\/wordpress\/kontakt\/#breadcrumb\"},\"inLanguage\":\"de\",\"potentialAction\":[{\"@type\":\"ReadAction\",\"target\":[\"https:\/\/www.biogas-l12n.de\/wordpress\/kontakt\/\"]}]},{\"@type\":\"BreadcrumbList\",\"@id\":\"https:\/\/www.biogas-l12n.de\/wordpress\/kontakt\/#breadcrumb\",\"itemListElement\":[{\"@type\":\"ListItem\",\"position\":1,\"name\":\"Startseite\",\"item\":\"https:\/\/www.biogas-l12n.de\/wordpress\/\"},{\"@type\":\"ListItem\",\"position\":2,\"name\":\"Kontakt\"}]},{\"@type\":\"WebSite\",\"@id\":\"https:\/\/www.biogas-l12n.de\/wordpress\/#website\",\"url\":\"https:\/\/www.biogas-l12n.de\/wordpress\/\",\"name\":\"Biogas L12n\",\"description\":\"B\u00fcrgerinitiative f\u00fcr eine bessere Informationspolitik der Gemeindeverwaltung und gegen den Bau der Biomethangasanlage an der L12n in Langerwehe\",\"potentialAction\":[{\"@type\":\"SearchAction\",\"target\":{\"@type\":\"EntryPoint\",\"urlTemplate\":\"https:\/\/www.biogas-l12n.de\/wordpress\/?s={search_term_string}\"},\"query-input\":{\"@type\":\"PropertyValueSpecification\",\"valueRequired\":true,\"valueName\":\"search_term_string\"}}],\"inLanguage\":\"de\"}]}<\/script>\n<!-- \/ Yoast SEO plugin. -->","yoast_head_json":{"title":"Kontakt - Biogas L12n","description":"Melden Sie sich bei uns an und erhalten Sie in unregelm\u00e4\u00dfigen Abst\u00e4nden Informationen zum aktellen Sachstand zur geplanten Biomethananlage.","robots":{"index":"index","follow":"follow","max-snippet":"max-snippet:-1","max-image-preview":"max-image-preview:large","max-video-preview":"max-video-preview:-1"},"canonical":"https:\/\/www.biogas-l12n.de\/wordpress\/kontakt\/","og_locale":"de_DE","og_type":"article","og_title":"Kontakt - Biogas L12n","og_description":"Melden Sie sich bei uns an und erhalten Sie in unregelm\u00e4\u00dfigen Abst\u00e4nden Informationen zum aktellen Sachstand zur geplanten Biomethananlage.","og_url":"https:\/\/www.biogas-l12n.de\/wordpress\/kontakt\/","og_site_name":"Biogas L12n","article_modified_time":"2025-02-04T20:44:48+00:00","twitter_card":"summary_large_image","twitter_misc":{"Gesch\u00e4tzte Lesezeit":"1\u00a0Minute"},"schema":{"@context":"https:\/\/schema.org","@graph":[{"@type":"WebPage","@id":"https:\/\/www.biogas-l12n.de\/wordpress\/kontakt\/","url":"https:\/\/www.biogas-l12n.de\/wordpress\/kontakt\/","name":"Kontakt - Biogas L12n","isPartOf":{"@id":"https:\/\/www.biogas-l12n.de\/wordpress\/#website"},"datePublished":"2025-01-31T06:32:29+00:00","dateModified":"2025-02-04T20:44:48+00:00","description":"Melden Sie sich bei uns an und erhalten Sie in unregelm\u00e4\u00dfigen Abst\u00e4nden Informationen zum aktellen Sachstand zur geplanten Biomethananlage.","breadcrumb":{"@id":"https:\/\/www.biogas-l12n.de\/wordpress\/kontakt\/#breadcrumb"},"inLanguage":"de","potentialAction":[{"@type":"ReadAction","target":["https:\/\/www.biogas-l12n.de\/wordpress\/kontakt\/"]}]},{"@type":"BreadcrumbList","@id":"https:\/\/www.biogas-l12n.de\/wordpress\/kontakt\/#breadcrumb","itemListElement":[{"@type":"ListItem","position":1,"name":"Startseite","item":"https:\/\/www.biogas-l12n.de\/wordpress\/"},{"@type":"ListItem","position":2,"name":"Kontakt"}]},{"@type":"WebSite","@id":"https:\/\/www.biogas-l12n.de\/wordpress\/#website","url":"https:\/\/www.biogas-l12n.de\/wordpress\/","name":"Biogas L12n","description":"B\u00fcrgerinitiative f\u00fcr eine bessere Informationspolitik der Gemeindeverwaltung und gegen den Bau der Biomethangasanlage an der L12n in Langerwehe","potentialAction":[{"@type":"SearchAction","target":{"@type":"EntryPoint","urlTemplate":"https:\/\/www.biogas-l12n.de\/wordpress\/?s={search_term_string}"},"query-input":{"@type":"PropertyValueSpecification","valueRequired":true,"valueName":"search_term_string"}}],"inLanguage":"de"}]}},"_links":{"self":[{"href":"https:\/\/www.biogas-l12n.de\/wordpress\/wp-json\/wp\/v2\/pages\/278","targetHints":{"allow":["GET"]}}],"collection":[{"href":"https:\/\/www.biogas-l12n.de\/wordpress\/wp-json\/wp\/v2\/pages"}],"about":[{"href":"https:\/\/www.biogas-l12n.de\/wordpress\/wp-json\/wp\/v2\/types\/page"}],"author":[{"embeddable":true,"href":"https:\/\/www.biogas-l12n.de\/wordpress\/wp-json\/wp\/v2\/users\/1"}],"replies":[{"embeddable":true,"href":"https:\/\/www.biogas-l12n.de\/wordpress\/wp-json\/wp\/v2\/comments?post=278"}],"version-history":[{"count":3,"href":"https:\/\/www.biogas-l12n.de\/wordpress\/wp-json\/wp\/v2\/pages\/278\/revisions"}],"predecessor-version":[{"id":289,"href":"https:\/\/www.biogas-l12n.de\/wordpress\/wp-json\/wp\/v2\/pages\/278\/revisions\/289"}],"wp:attachment":[{"href":"https:\/\/www.biogas-l12n.de\/wordpress\/wp-json\/wp\/v2\/media?parent=278"}],"curies":[{"name":"wp","href":"https:\/\/api.w.org\/{rel}","templated":true}]}}